 + g. Determine h(s).
-16
Let z(f) = 9*f**2 + 40*f - 45. Let g(c) = 11*c**2 + 45*c - 45. Let k(r) = -5*g(r) + 6*z(r). Give k(7).
11
Suppose 0 = -3*q - c - 3, 8 = 3*q + 4*c + 2. Let y(u) be the first derivative of u**3/2 - 8*u + 10. Let s(k) be the first derivative of y(k). Determine s(q).
-6
Let n(x) be the first derivative of -x**3/3 - 7*x**2/2 + x - 577. Calculate n(-5).
11
Let n be (2/3)/(1 + -4 - (-19)/6). Let w(o) = o**3 - 4*o**2 - 8*o + 5. What is w(n)?
-27
Let z(p) = -p**3 + 5*p**2 - 6*p + 2. Let a be 4/12 - (38/(-3) + 1). Let w = a - 7. Calculate z(w).
-28
Let m(k) be the first derivative of k**5/120 - k**3/3 - 119*k**2/2 + 104. Let b(n) be the third derivative of m(n). Determine b(-3).
-3
Let d(j) = 18*j + 13 + 10*j - 27*j. Let u be 26499/(-2847) + (-4)/(-13). Give d(u).
4
Let l(y) = -y**2 - 18*y - 48. Let z be l(-14). Let c(r) = 0*r + 4*r - r**2 - z*r + 5*r. Determine c(2).
-2
Let l(h) = -28 + 0*h + 6*h + 9*h - 7*h + 8*h. Let w be l(2). Let o(a) = -1 + a**2 - 4*a + 2 + 1. What is o(w)?
2
Let c = -1 - -10. Let l(a) = -4*a**3 + 11*a**2 + 10*a + 183. Let w(i) = 9*i**3 - 23*i**2 - 19*i - 428. Let p(j) = 7*l(j) + 3*w(j). Calculate p(c).
33
Let l be (10/4)/(520/(-416)) + 7. Let r(t) = 20*t + 7. Give r(l).
107
Let w(y) = 8*y + 14. Let c(h) = -7*h - 10. Let m(l) = 14*l + 21. Let r(t) = -5*c(t) - 3*m(t). Let q(p) = -5*r(p) - 4*w(p). What is q(-6)?
-9
Let y(l) = l**2 + 24*l + 148. Let m be y(-20). Suppose 59 = -2*w - 71. Let q = m + w. Let h(z) = z**2 - 3*z - 2. What is h(q)?
-2
Suppose 106 = 15*l + 61. Let i(k) = k**2 - 1. Let r(w) = -5*w**2 + w + 5. Let o be (-6)/(-8) + 1/4. Let j(v) = l*i(v) + o*r(v). Calculate j(3).
-13
Let g(p) = 1380*p**3 + p**2 - 2*p + 1. Let i be g(1). Let x(v) = -1359 - 7*v + 3*v + i. Give x(9).
-15
Let k(x) be the third derivative of -x**4/8 - 43*x**3/6 - 4943*x**2. Calculate k(9).
-70
Let p(d) be the second derivative of d**4/6 + 5*d**3/3 - 7*d**2/2 + 78*d. Give p(-5).
-7
Let p(i) be the third derivative of -i**7/2520 + i**6/80 + 7*i**5/120 + 35*i**4/24 + 143*i**2. Let b(g) be the second derivative of p(g). Determine b(9).
7
Let j(z) = -271*z - 10574. Let a be j(-39). Let x(l) = -3*l - l**2 + 0*l**2 - 2 + 2*l. Determine x(a).
-22
Let y(d) = -d**2 + 2*d - 1. Let a(v) = 5*v**2 - 2*v - 6. Let t = -107 + 101. Let r(x) = t*y(x) - a(x). What is r(9)?
3
Suppose -3 = q + 2*k, -35*k = -34*k - 1. Let f be (0 + 1)*q + (-1778)/(-127). Let y(w) = 2*w - 4. Give y(f).
14
Let u(i) = -3*i**2 + 3*i + 3. Let x = 4 - 6. Let q(t) = -10*t**2 + 9*t + 9. Let k(f) = x*q(f) + 7*u(f). Let n be 8/(-7)*133/(-38). Give k(n).
-1
Let r(b) be the first derivative of b**2/2 + 8*b + 2. Let x(o) = 3*o + 10 + 0*o - 10 - 2*o. Let s(w) = -r(w) + 2*x(w). Give s(5).
-3
Let t(d) be the second derivative of -48*d + 2/3*d**3 - 3/2*d**2 + 0. Calculate t(5).
17
Let m(n) = 11*n**2 + 5*n - 15. Let o(r) = -9*r**2 - 4*r + 12. Let v(d) = 4*m(d) + 5*o(d). What is v(-2)?
-4
Let h(i) = -2*i**3 - i**2 + 7*i - 1. Let n(r) = -11*r**3 - 10*r**2 - 16*r + 1. Let a(k) = 6*h(k) - n(k). Give a(-6).
5
Let b(m) be the third derivative of -6*m**2 - 2/15*m**5 + 0 - 3/2*m**3 + 0*m - 1/12*m**4 - 1/120*m**6. Determine b(-8).
7
Let c be 7 - 16/(1 + 3). Let u be 1 + 3/(0 + 1). Let i(g) = -4*g - u*g + 4 + 4*g. Calculate i(c).
-8
Let j(q) = -40*q + 432 - 427 - q**3 - 18*q**2 + 7*q. Determine j(-16).
21
Let u(s) = -3*s**3 + 17*s**2 - s + 4. Let x(d) = 2*d**3 - 11*d**2 + 2*d - 3. Let k(o) = -3*u(o) - 4*x(o). What is k(8)?
24
Let r(o) be the third derivative of 0 + 5/24*o**4 - 234*o**2 - 1/60*o**5 + 5/6*o**3 + 0*o. Let b = 1 - -6. What is r(b)?
-9
Let o(b) = 10*b**3 + 3*b**2 + 12*b - 1. Let n(q) = -17*q**3 - 5*q**2 - 20*q + 1. Let x(f) = -3*n(f) - 5*o(f). Give x(-3).
-25
Suppose 168 = 13298*l - 13322*l. Let i(x) be the third derivative of x**4/24 + 5*x**3/2 + 8*x**2. What is i(l)?
8
Let s(r) = -138*r + 22 - 109*r - 145*r + 540*r - 146*r. What is s(9)?
40
Let n(g) be the first derivative of -4*g**3/3 + 2*g**2 - 2*g + 1227. Let d = 7 + -10. Let q(r) = -r**2. Let a(i) = d*q(i) + n(i). What is a(2)?
2
Suppose -m - 120 = -6*m. Let g = 27 - m. Let j(w) = 4 + w - 3 - 2 - 1 - w**g. What is j(0)?
-2
Let p(r) = 9*r + 390 + 13*r - 391. Determine p(-1).
-23
Suppose -22*k + 130 + 222 = -22. Let f(h) = h**2 - 16*h - 24. What is f(k)?
-7
Let t = -10 - -20. Suppose p + t = 3. Let v(r) = -2*r - 18. Let h(s) = s + 9. Let j(k) = p*h(k) - 4*v(k). Give j(-8).
1
Let w(v) be the second derivative of v**5/20 + 5*v**4/6 + v**3/6 - 13*v**2/2 - 621*v. Determine w(-9).
59
Let g(h) be the first derivative of 2*h**3/3 + 5*h**2 + 7*h - 2728. Let f = 70 + -74. Give g(f).
-1
Let t = 5 + -2. Let p(d) = d + 2. Suppose 5*i - 11 = 2*y + 1, -6 = y + 4*i. Let m(z) = z + 3. Let q(u) = y*p(u) + 4*m(u). Give q(t).
-6
Suppose 3*j + b + 4*b + 579 = 0, 0 = -2*j - 3*b - 386. Let m = -196 - j. Let g(y) = y**3 + y**2 + 3*y - 4. Determine g(m).
-31
Suppose z + 150 = 11*z. Let r(l) = 1 + z + 79*l**2 + 13*l - 78*l**2. Determine r(-11).
-6
Suppose -64 = 2336*o - 2304*o. Let p(t) = t**3 + t**2 + 3*t + 3. Determine p(o).
-7
Let h = -1601 - -1619. Let k(d) = -2*d + 39. What is k(h)?
3
Suppose w = 3*z - 3, -100*z = -w - 98*z + 1. Let x(u) = u**2 - 12*u + 34. Calculate x(w).
7
Suppose 7*v + 23 = 5*l, -25*l + 20*l + 26 = -4*v. Let s(d) = -30*d + 4. Calculate s(v).
-26
Let f = 662 + -461. Let v = 189 - f. Let q(x) = 3*x + 17. Calculate q(v).
-19
Let r be 1 - (14 + -7) - (40/(-2) - -9). Let q(t) be the first derivative of t**4/4 - 4*t**3/3 - 3*t**2 + 7*t - 2. What is q(r)?
2
Let u(z) = z**2 + 2 - 3 - 4*z + 3. Suppose -4*c + 41 = 81. Let x(g) = -3*g**2 - 32*g - 16. Let d be x(c). Give u(d).
2
Let x(a) = -2*a**3 - 6*a**2 - 10*a - 8. Let k be x(-4). Suppose -67*w + 59*w = -k. Let u(c) = c**2 - 9*c + 7. Give u(w).
-1
Let w = -13314 + 13307. Let g(v) = -2*v**2 + 6*v + 37. Calculate g(w).
-103
Let b(q) = 158*q + 1584. Let u be b(-10). Let i(d) = -4*d**2 + d + 3. Calculate i(u).
-57
Let m(c) = c**3 + 13*c**2 + 38*c - 17. Let z be m(-8). Let k(d) = 81*d**3 - d**2 + d + 1. What is k(z)?
-82
Suppose 287*g - 646 = 502. Let s(k) = k - 10. Let j(o) = -1. Let h(a) = 4*j(a) - s(a). What is h(g)?
2
Let u(b) = -b**3 - 7*b**2 - 8*b + 5. Let w be u(-4). Let n = w - -17. Let s(q) = q + 5. Let x(f) = f + 2. Let v(c) = 3*s(c) - 5*x(c). Calculate v(n).
-7
Let h(n) = n**2 + 9*n + 4. Let a be (37 + -44)*18/(-7). Suppose 9*l + 90 = a. What is h(l)?
-4
Let p(m) = -6*m**2 - 5*m + 9. Let t(a) = a**2 - a - 1. Let f(s) = p(s) + 5*t(s). Let k(d) = 52*d + 4567. Let c be k(-88). Determine f(c).
13
Let l be ((-252)/24 - -11)*12/(-3). Let v(g) = 22*g + 9. Give v(l).
-35
Let s(x) be the first derivative of -131*x + 27 + 68*x + 62*x + x**2. Calculate s(6).
11
Let f(j) = -j - 11. Let m be f(-22). Let n be -4 + m + (-3 - 0) + -4. Let k(s) = 2*s. Determine k(n).
0
Suppose 2*o + 2*o - 18 = -d, -5*o + 35 = 0. Let j(x) = -x**2 - 12*x - 7. Determine j(d).
13
Suppose -2*d - 163 - 87 = 0. Let s be (-50)/d + 18/5. Let q(w) = -w**3 + 5*w**2 - 3*w - 4. Determine q(s).
0
Let u(f) = -6*f**2 - 15*f - 3. Let k(c) = -c**2 - c - 1. Let q(o) = 5*k(o) - u(o). Let m be -3 - (-6 + (-9 - -21)). Calculate q(m).
-11
Let b(l) be the third derivative of l**4/6 - 29*l**3/6 - l**2 - 704. What is b(0)?
-29
Let n(p) = -p**2 + 5*p - 8. Suppose -3*a + 128 = -262. Suppose 40 = 5*f - a. Suppose f*o = 31*o + 18. Calculate n(o).
-14
Let b = -310 - -312. Let s(d) = d**2 - 4*d - 7. Let y(f) = f**2 - 3*f - 7. Let m(p) = b*y(p) - 3*s(p). Give m(5).
12
Suppose 0 = 2*x - x + 5. Let k(n) be the first derivative of 4/3*n**3 - 2*n**2 - 3*n + 1/4*n**4 - 13. Determine k(x).
-8
Let i(h) = 235*h + 59. Let a(v) = 176*v + 59. Let r(n) = 4*a(n) - 3*i(n). Calculate r(17).
42
Let a = -186 - -182. Let d be (a + 7)/((1 - -2)/(-3)). Let s(h) = 5*h**2 - 11*h + 4. Let f(l) = -2*l**2 + 5*l - 2. Let y(t) = -7*f(t) - 3*s(t). Give y(d).
-1
Let a(d) be the second derivative of d**5/3 + d**4/8 + d**3/3 - 20*d**2 - 4*d + 27. Let q(r) be the first derivative of a(r). Give q(-1).
19
Let v(k) = k**3 + 5*k**2 - 8*k - 2. Let y(o) = 36*o. Suppose -h - 6 = -3*j, 2*j - 3*h - 11 = -0*j. Let m be y(j). Let t be (2/(-4))/(3/m). What is v(t)?
10
Let p(i) = 9*i + 64. Let q(l) = -11*l - 66. Let r(b) = -3*p(b) - 2*q(b). Determine r(-11).
-5
Let n(z) be the third 